+ 6 + 10. What is the greatest common divisor of 12075 and g?
175
Suppose 2*f - 5*p - 45 = -3*f, 0 = -2*f - 3*p + 13. Let z(o) = -271*o + 1929. Let r be z(7). What is the greatest common factor of r and f?
8
Let y be (8 + 209)*24/28. Calculate the greatest common divisor of 54 and y.
6
Let c be 529/115 + 3/(-12)*(-36)/(-15). What is the greatest common factor of c and 1180?
4
Let v(q) = -36*q + 84. Let l be v(-9). Suppose -652*n + l = -646*n. Calculate the greatest common factor of 34 and n.
34
Let g = -7755 + 7820. What is the greatest common factor of 5395 and g?
65
Suppose -u + 100 = 2*a - 75, 2*u = -3*a + 260. What is the greatest common divisor of a and 78?
6
Suppose 5*h - h = -16, 0 = -2*t + 5*h + 84. Suppose t*f - 12*f = 220. Calculate the highest common divisor of f and 209.
11
Let s = -95 + 177. Let y = s + 2. What is the greatest common factor of 60 and y?
12
Let j(d) = d**3 + 14*d**2 - 3*d - 16. Let r be j(-15). Let k = r - -211. Calculate the greatest common divisor of 21 and k.
3
Suppose 3*g = 6*g - 525. Suppose 45 = -2*s + 3*s - 3*o, 0 = -5*s + 5*o + g. Calculate the greatest common divisor of 130 and s.
10
Suppose -5*l = 5*q - 4*l - 1, 0 = -3*q + l + 7. Let y(w) = 7 + 3*w + 9*w - q - 3. Let u be y(3). Calculate the greatest common factor of 65 and u.
13
Suppose 16 = 3*m - 11. Let g be 1/(-3 + 26/m). Let v be (-974)/g + (-8)/36. What is the highest common divisor of 18 and v?
18
Suppose 5*u = o - 30, 5*o + u = 186 + 146. Suppose -c - 2*y = -2 + 7, 3*c + 4*y = -5. What is the highest common factor of c and o?
5
Suppose 40*j - 1770 = -1730. Calculate the greatest common factor of j and 271.
1
Suppose 785 = 4*n - 5*a, 3*n - a - 594 = a. Suppose 82*o - n = 78*o. Suppose 9*q - o = 67. What is the highest common factor of 13 and q?
13
Suppose 3*a - 1424 = -5*t, -4*t = 161*a - 163*a - 1148. Calculate the highest common divisor of t and 819.
13
Suppose -27*u + 26*u - 2*g + 216 = 0, 16*u + g = 3332. What is the greatest common factor of 156 and u?
52
Let w = -346 - -372. Let t be 2 + 0 + (5 - 4)*11. What is the highest common divisor of t and w?
13
Let q = -1044 - -1057. Suppose -4*h - 1 = -21. Suppose -4*i = 5*d - 240, 3*i - i + h*d = 110. What is the highest common divisor of i and q?
13
Let z(a) = -12*a - 6. Let r = 122 - 123. Let u be z(r). Calculate the greatest common divisor of 3 and u.
3
Let o(q) = -297*q + 2676. Let r be o(9). Calculate the highest common divisor of r and 319.
1
Let j(a) = -a**3 - 8*a**2 + 24. Let z be j(-9). Suppose -4*s + s = -5*o + z, 5*s = -4*o + 47. Calculate the highest common factor of 6 and o.
6
Suppose 16133 + 139442 = 127*p. What is the greatest common factor of 392 and p?
49
Let v = -2794 + 2843. What is the greatest common divisor of 3 and v?
1
Suppose 0 = 616*l - 621*l + 550. Let z be 274/22*7 + (-20)/l. What is the greatest common divisor of 232 and z?
29
Let m(n) = -1317*n - 789. Let u be m(-1). What is the highest common divisor of 48 and u?
48
Let n be (2 + -13 - -1 - (-85 - -2)) + -11. Suppose -96 = -5*q + 3314. Calculate the highest common divisor of n and q.
62
Let y be ((-72)/48)/((-9)/78). Suppose -2*k = -4*k. Let u be -1 + (55 - k - 2). Calculate the greatest common divisor of y and u.
13
Let s be ((-20088)/15)/(-3) - 12/30. Let y = -208 + s. Calculate the greatest common divisor of 14 and y.
14
Let k = 239 + -25. Let g = k - 166. Suppose -5*r + 5*v + 365 = 0, 0 = 4*r - 2*v - 172 - 118. Calculate the highest common divisor of g and r.
24
Let j = 15011 - 14920. Calculate the greatest common factor of j and 371.
7
Let a(m) = 20*m + m**2 - 15*m - 16*m - 9. Let q(f) = 11*f + 59. Let n be q(-6). Let g be a(n). Calculate the greatest common factor of g and 9.
9
Let r(w) = -2*w**2 - 14*w - 9. Let n be r(-10). Let h be -86 - (-1)/(4/(-16)). Let u = n - h. Calculate the greatest common factor of 7 and u.
7
Let m = 37900 + -37896. Let r(x) = 24*x - 8. Let g be r(6). What is the highest common factor of m and g?
4
Let g = 5891 + -5518. What is the greatest common divisor of 42149 and g?
373
Let k = -13 + 86. Suppose k - 26 = z. Calculate the highest common divisor of z and 470.
47
Let h(j) = -3*j**3 - 40*j**2 - 12*j + 327. Let s be h(-31). What is the greatest common factor of 16 and s?
16
Suppose -5*n - 4*l = -1, 3*n - 7*l = -3*l + 7. Let o be (-22 - -23) + (2 - n). Suppose -o*r + 22 + 26 = 0. Calculate the highest common divisor of 192 and r.
24
Suppose 0 = 5*z - 4*c - 786, 8*z - 288 = 6*z - 5*c. Let p = -313 - -324. Calculate the highest common divisor of z and p.
11
Suppose -7*j - 3*j + 1820 = 0. Suppose u - j = -54. Calculate the highest common divisor of 16 and u.
16
Let k = -5451 + 5509. Calculate the greatest common factor of k and 551.
29
Suppose 2*o - 18080 = -25*k + 21*k, 36130 = 4*o + 3*k. Calculate the greatest common factor of 148 and o.
148
Let l(o) = -15*o**2 - o. Let s be l(-1). Let h be 21/2*(-21)/((-294)/32). Let u = s + h. Calculate the highest common divisor of u and 2.
2
Let w = -6 - -13. Suppose -2*k - 225 = -w*k. Suppose 10791*l = 10771*l + 600. What is the greatest common factor of k and l?
15
Let x = -7 - -9. Suppose x*z + 20 = o + 88, 5*z = -4*o + 196. Suppose -5*n - 14 = -3*t + 150, t - 60 = 3*n. Calculate the greatest common factor of t and z.
12
Let b(j) = j**3 - 150*j**2 + 390*j + 7514. Let w be b(147). Let v be (0 + 612)*(-6)/(-8). Calculate the greatest common factor of v and w.
17
Let x be -11 - (0 - 8/4). Let k be (6/(-10) + 0)*315/x. Let f(i) = 188*i**3 - i + 2. Let h be f(1). Calculate the greatest common divisor of k and h.
21
Suppose 2*a + 41 = t - 13, -t = -3*a - 51. Let p be ((-748)/(-11))/(3*5/t). What is the highest common divisor of p and 17?
17
Let l(n) = -n**2 - 15*n - 5. Let i be l(-13). Suppose 3*u = -5*t + 120, -4*t + 11*u + 109 = 16*u. Calculate the highest common factor of t and i.
21
Let f(s) = -56*s - 414. Let n be f(-12). Calculate the greatest common factor of n and 903.
129
Suppose 0 = -u + 10 + 5. Suppose 12*i - 79 - 722 = 399. What is the highest common factor of u and i?
5
Suppose -11*o - 247*o = -60114. Calculate the greatest common factor of 18 and o.
1
Let j(a) = a**3 - 4*a**2 + 24*a + 15. Let k be j(7). What is the highest common factor of 528 and k?
66
Let o(i) = -203*i + 21334. Let q be o(105). Let s be 5637/33 - (-6)/33. Calculate the highest common divisor of s and q.
19
Let d(a) = -a**2 - 11*a + 50. Let o be d(-12). Suppose -t = 3 - o. Calculate the highest common factor of 15 and t.
5
Let i = -20 + 40. Let m be (2*(-2)/4)/((-23)/115). Suppose -4*y = -m - 75. What is the greatest common factor of i and y?
20
Let f = -212 - -85. Let a = 129 + f. Suppose b = 5*c + 4*b - 1359, a*b + 1344 = 5*c. Calculate the greatest common divisor of c and 108.
54
Let p(o) = 573*o - 2525. Let z be p(5). Calculate the greatest common divisor of 3332 and z.
68
Let b be 55*12/60 + 7. Suppose 3*y = 4*y + 2. Let n be y/b + 1190/18. Calculate the greatest common factor of n and 6.
6
Suppose 2*a + 3*m = -91, 0 = -5*a - 14*m + 18*m - 216. Let r be (-2373)/(-5) - a/110. What is the highest common factor of 25 and r?
25
Let u(o) = -2*o**2 - 39*o + 14. Let c be u(-21). Let p be (-35)/c - (-4)/14. Calculate the greatest common factor of p and 11.
1
Let k = 4 - -2. Let t = 8 - k. Suppose -2*f - 124 = -0*q - q, -3*q + 388 = -t*f. What is the highest common divisor of 12 and q?
12
Suppose -2*h - h + 30 = 0. Suppose s - 3*l = -s + 113, -3*l + 43 = s. Suppose -8 = -4*o + 8, -2*o = -2*g + s. What is the greatest common factor of h and g?
10
Suppose 58*h = 23*h + 980. What is the highest common factor of h and 2884?
28
Suppose 0 = -5*v + 3*y + 104, -v - 6*y + 24 = -5*y. Let k(a) = -3*a**2 + 80*a - 29. Let u be k(v). Calculate the greatest common factor of u and 372.
93
Let s be (-2)/(20/(-90)) + -2. Calculate the highest common divisor of s and 1337.
7
Let n(o) = 2*o**2 + 50*o + 20. Let h be 14/(308/(-165))*20/6. Let c be n(h). Calculate the highest common divisor of c and 860.
20
Let y = 259 - 257. Suppose -5*o + y*o + 41 = 2*z, 4*o + 4 = 0. Calculate the highest common divisor of 550 and z.
22
Let z(q) = -25*q**2 + 370*q - 93. Let a be z(13). What is the greatest common factor of a and 588?
12
Let q(l) = 222*l - 4. Let t be -5*(-4)/11 - 32/(-176). Let h be q(t). Su